 x**2 + x + 4. What is the units digit of g(t)?
4
Suppose -2*o + z - 26 = -5, o = -3*z - 7. Let u(n) = -n**3 - 9*n**2 + 7*n + 4. Let g be u(o). Suppose -3*c - g = -154. What is the tens digit of c?
4
Let l(t) = t**2 + 9*t + 10. Let w be l(-8). Suppose 7 + 5 = w*z. Let u = z + 15. What is the tens digit of u?
2
Suppose 178 = 4*d - 174. Suppose -8*p = -d - 392. What is the tens digit of p?
6
Let h = 317 + 1166. What is the hundreds digit of h?
4
Let w(y) = 52*y + 4. What is the tens digit of w(13)?
8
Let q(d) = -d + 4*d + d + 6*d**2 - 6*d. What is the units digit of q(-2)?
8
Suppose i = 29 - 245. Let y = i - -510. What is the hundreds digit of y?
2
Let h(s) = 3*s**2 + 49*s - 91. What is the thousands digit of h(-33)?
1
Suppose 15 = -3*d + 6*d. Let y(j) = 4*j - 14. Let n be y(d). Suppose -b = -19 + n. What is the units digit of b?
3
Let g(i) = i + 2*i**2 + 1 - 2*i**2 + i**2 + 4. What is the units digit of g(0)?
5
Let l(t) = t - 9. Let k be l(11). Suppose -14 = -2*r + r + k*z, -z = 3*r - 7. Suppose r*m - 245 = -m. What is the units digit of m?
9
Suppose 4*h + 15093 = -m, -2*h + 3*m - 7554 = m. What is the units digit of 60/(-105) + h/(-14)?
9
Suppose 5*p - 252 = 3*p - 2*y, 0 = -5*y - 15. Suppose 6*o - 261 = p. What is the units digit of o?
5
Let y(t) be the third derivative of -t**3 + 0*t - 4*t**2 + 5/12*t**4 + 0. What is the tens digit of y(4)?
3
What is the units digit of (-1 - 99)*-4*2/16?
0
Let m = 96 - -136. Let t = m + -169. What is the units digit of t?
3
Suppose -2*v = 5*m - 29, -3*v + 5*v + 4*m - 24 = 0. What is the units digit of (-712)/(-12)*-6*v/(-8)?
9
Let t(v) = -31*v - 17. Let n be t(4). Let u = n - -356. What is the hundreds digit of u?
2
Let p = 266 + 406. What is the units digit of p?
2
Let r be 32/2 + 2/(-2). Let t be ((-36)/9 - 6/(-1))*5. Let b = r - t. What is the units digit of b?
5
Let k be (-2194)/(-10) + 1 + (-3)/(-5). Let c = k - 29. What is the tens digit of c?
9
Let g = -6472 - -12040. What is the hundreds digit of g?
5
Let q(p) = -2*p - 3. Let k be q(-3). Suppose -k*x - 9 - 12 = -2*b, -3*x - 57 = -4*b. Suppose -c - f + b = 0, 3*c - 46 = -f - 0*f. What is the tens digit of c?
1
Let j(k) be the second derivative of k**4/6 + 5*k**3/3 - 11*k**2/2 - 2*k. Let q be j(-10). Suppose r + q = 4*h - 0*r, -4*r = 4. What is the units digit of h?
2
What is the hundreds digit of 2 - -875 - -2 - (-19 + 16)?
8
Suppose 0 = 16*g - 12*g - 1016. Suppose 0 = -4*z + 3*j + 311 + g, z - 143 = -j. What is the units digit of z?
2
What is the hundreds digit of 4/(-8)*0 - -1182?
1
Let a = 39 + -42. Let t be (a - -27)/((-12)/(-6)). Suppose -8*x = -t*x + 236. What is the units digit of x?
9
Suppose 0 = -28*t + 47370 - 17438. What is the thousands digit of t?
1
Let f(v) = 95*v**3 + v - 2. Suppose q - 4 = -3*q. What is the units digit of f(q)?
4
Suppose -4*j + 0*j + 200 = 0. Let g = 9 - 36. Let c = g + j. What is the units digit of c?
3
Suppose 4*c - 2*i = -3*i + 21, -3*i = c - 19. Suppose 0 = -5*l + c*f + 186, 3*f - 71 = -5*l + 122. What is the units digit of l?
8
Let i(b) = b + 6. Let k be i(6). Let z = 115 - k. What is the tens digit of z?
0
What is the tens digit of ((-36)/(-1))/((-94)/(-423))?
6
Suppose 6*u - 501 = 447. What is the tens digit of u*1 - ((-1 - -6) + -4)?
5
Let v(a) = a**2 + 141. What is the tens digit of v(-34)?
9
Let r(s) = -s**3 - 13*s**2 + 12*s - 28. Let h be r(-14). Suppose -5*k + 101 = -4*d, -k + h*d + 3*d = -29. What is the tens digit of k?
1
Let l(d) = -35*d**3 - 6*d**2 - 26*d - 7. What is the units digit of l(-3)?
2
Let o = 19 - 14. Suppose 42 = o*s - 53. Let g = 3 + s. What is the tens digit of g?
2
What is the thousands digit of (-595)/28*534/15*-2?
1
Suppose -4*v = -2*n + 185 + 99, -15 = 5*v. What is the units digit of n?
6
Let m = -64 + 105. Suppose 3*r = 5*j - 48, 5*r + m = 2*j + 2*j. What is the units digit of j?
9
What is the units digit of (-2)/4 + (-55980)/(-72)?
7
Suppose -2*v + 60 = -12*v. Let g(n) = -28*n - 27. What is the units digit of g(v)?
1
Suppose -2*h - 1082 = -2*k, 2*k + 2*k + 3*h = 2164. Let w = -376 + k. What is the tens digit of w?
6
Suppose -5*v - 1808 = -4*i, -i + 3*v - 216 = -675. What is the tens digit of i?
4
Suppose 26*v + 2 = 25*v. Let t = v - -20. What is the units digit of t?
8
Let r = 8049 + -2833. What is the units digit of r?
6
Let l(x) = 83*x**3 + 4*x**2 - 4*x. What is the tens digit of l(2)?
7
Let t = 294 - -157. What is the tens digit of t?
5
Let n = 2156 + -1437. What is the hundreds digit of n?
7
Let z = 7969 + -4279. What is the thousands digit of z?
3
Suppose 112*o - 117*o - 3105 = -5*f, 4*o - 4 = 0. What is the units digit of f?
2
Suppose -4*w = -0*w - 20. Suppose -h = -5, w*z - h = h + 585. What is the hundreds digit of z?
1
Let z(b) = 2*b**2 + 6*b - 5. Let w be z(-5). Suppose 0 = -8*t + 3*t + w. What is the units digit of t/(-1 + 5 - 3)?
3
What is the units digit of (-2544)/(-14)*(18/4 + 6)?
8
Suppose -5*w + 3 = -7, 3*f + 3*w - 10077 = 0. What is the units digit of f?
7
Let a = -643 + 4766. What is the hundreds digit of a?
1
What is the hundreds digit of (-3616)/(-3) - 10*(-16)/240?
2
Suppose -5*o - 21 = 5*k - 1, -3*k + 24 = -3*o. Let f(z) = -z**2 + 9 - 7*z + 0*z - 4*z. What is the units digit of f(o)?
9
Let t = 97 + 1915. What is the tens digit of t?
1
Let o(r) = 1120*r + 104. What is the units digit of o(2)?
4
Suppose 2*a - 15 = -3*a, 0 = d + 5*a - 19. Let n(k) = -k**3 + 8*k**2 - k + 3. What is the tens digit of n(d)?
6
Suppose -g = -4*s - 259, -5*s = -5*g - 10*s + 1220. What is the units digit of g?
7
Let w = 4112 + -1960. What is the tens digit of w?
5
Suppose 4*d - 4 = 0, z - d = -z - 39. Let r(n) = -n**3 - 18*n**2 + 16*n + 9. What is the units digit of r(z)?
6
Let m(a) = -a - 6. Suppose -5*x + 6 - 16 = 0. Let c be m(x). Let n = 15 - c. What is the tens digit of n?
1
Let d(y) = -y**3 - 9*y**2 - 10*y - 13. Let s be d(-8). Suppose -t + 2*o + 70 = s*o, 0 = -5*t - 3*o + 356. What is the tens digit of t?
7
What is the hundreds digit of 3540/(-4)*(-9)/5?
5
Suppose -29 = -5*q + 3*c, -c - 2*c - 9 = 0. What is the units digit of (6/q)/(12/136)?
7
What is the hundreds digit of ((584/(-5))/(-2))/(4/70)?
0
Let x(g) = -2*g**3 + g + 643. What is the tens digit of x(0)?
4
Let i be (-1)/(1/(4/4 + 4)). What is the tens digit of 50*4/(-8)*i?
2
Let z = 7 + 6. Let t = 23 - z. Suppose d - 3*o - 85 = -3*d, 2*o - t = 0. What is the tens digit of d?
2
Suppose 5*q + 91 = -m, -24 = q + m - 5. What is the units digit of q/(-5)*2730/52?
9
Suppose 8*m + 1842 = f + 6*m, -5*m = f - 1870. What is the thousands digit of f?
1
Let n be 38/9 - 2/9. Suppose r - n*r = 6. What is the tens digit of r/(-3) + 340/12?
2
Let a = 6797 - 3258. What is the thousands digit of a?
3
Let m = -92 + 325. What is the units digit of m?
3
Let l = 39 + -33. Suppose -5*j + 5*b + 425 = 0, 4*b = -l + 22. What is the tens digit of j?
8
Suppose 15*t - 24 = 9*t. Suppose 44 - 196 = -t*y. What is the units digit of y?
8
Let v = -1087 - -2913. Suppose -1853 = -13*a + v. What is the units digit of a?
3
Suppose -1837 = -3*j - 5*k - 154, -1704 = -3*j + 2*k. What is the hundreds digit of j?
5
Let m(t) = 4*t**2 + 4*t + 2. Let d be m(-4). Suppose -5*w + 35 + d = 0. Suppose -37 = -2*i + w. What is the tens digit of i?
2
Let g(u) = 1000*u + 72. What is the units digit of g(2)?
2
Let b(q) = 2*q - 1. Let t be (-2)/11 - (-72)/33. What is the units digit of b(t)?
3
Suppose 3*v - 2172 = -4*g - 592, 1589 = 3*v - 5*g. What is the units digit of v?
8
Suppose -10*o + 3552 = -6*o. Suppose 3*b - 2*q - o = q, 586 = 2*b - 4*q. What is the hundreds digit of b?
2
Suppose -2*c = 5*t - 6 - 654, -4*t + 324 = c. Let n = 502 - c. What is the tens digit of n?
6
Suppose -v + 2 + 2 = 0. Let a be 1/12*v*3. What is the tens digit of 69/3 + 4/a?
2
Let n(t) = 1011*t + 19. What is the units digit of n(6)?
5
Let a(r) = 107*r + 53. What is the tens digit of a(5)?
8
Let w be 4 - 0*(-2)/4. Let x = -18 + 51. Suppose x = d + 2*o - 3*o, -w*d = -2*o - 126. What is the units digit of d?
0
Let g(l) = 6*l - 16. Let h(x) = 7*x - 17. Let r(f) = 6*g(f) - 5*h(f). What is the units digit of r(15)?
4
Suppose 0 = -5*k + 2*y + 81, -2*k - 4*y - 72 = -6*k. What is the tens digit of k?
1
What is the units digit of 2/(3/(-3)) + (927 - -9)?
4
Let c(k) = 10*k**2 - 2*k + 1. Let d be c(1). Suppose